 are the prime factors of 2036?
2, 509
List the prime factors of 8889.
3, 2963
What are the prime factors of 3116?
2, 19, 41
What are the prime factors of 8383?
83, 101
List the prime factors of 220.
2, 5, 11
What are the prime factors of 4610?
2, 5, 461
What are the prime factors of 784?
2, 7
List the prime factors of 15186.
2, 3, 2531
List the prime factors of 831.
3, 277
What are the prime factors of 198036?
2, 3, 5501
List the prime factors of 42512.
2, 2657
What are the prime factors of 18?
2, 3
What are the prime factors of 1782?
2, 3, 11
List the prime factors of 115249.
115249
List the prime factors of 27700.
2, 5, 277
What are the prime factors of 21745?
5, 4349
List the prime factors of 22247.
22247
List the prime factors of 920.
2, 5, 23
List the prime factors of 25156.
2, 19, 331
What are the prime factors of 10260?
2, 3, 5, 19
What are the prime factors of 104983?
277, 379
What are the prime factors of 12371?
89, 139
List the prime factors of 1025.
5, 41
What are the prime factors of 60208?
2, 53, 71
List the prime factors of 947.
947
What are the prime factors of 104288?
2, 3259
What are the prime factors of 22001?
7, 449
What are the prime factors of 12935?
5, 13, 199
List the prime factors of 9063.
3, 19, 53
What are the prime factors of 2416?
2, 151
What are the prime factors of 33296?
2, 2081
List the prime factors of 5837.
13, 449
What are the prime factors of 51366?
2, 3, 7, 1223
List the prime factors of 1058.
2, 23
What are the prime factors of 7698?
2, 3, 1283
What are the prime factors of 232?
2, 29
What are the prime factors of 420?
2, 3, 5, 7
What are the prime factors of 54096?
2, 3, 7, 23
What are the prime factors of 1532?
2, 383
What are the prime factors of 720?
2, 3, 5
List the prime factors of 1499.
1499
List the prime factors of 5517.
3, 613
What are the prime factors of 3484?
2, 13, 67
What are the prime factors of 5248?
2, 41
What are the prime factors of 179?
179
What are the prime factors of 2388?
2, 3, 199
List the prime factors of 86839.
37, 2347
List the prime factors of 55511.
55511
List the prime factors of 120.
2, 3, 5
List the prime factors of 2315.
5, 463
What are the prime factors of 578?
2, 17
What are the prime factors of 32659?
11, 2969
List the prime factors of 993.
3, 331
List the prime factors of 772.
2, 193
What are the prime factors of 5424?
2, 3, 113
What are the prime factors of 4155?
3, 5, 277
List the prime factors of 101084.
2, 37, 683
What are the prime factors of 10672?
2, 23, 29
What are the prime factors of 4477?
11, 37
List the prime factors of 1106.
2, 7, 79
List the prime factors of 674.
2, 337
What are the prime factors of 29054?
2, 73, 199
What are the prime factors of 923?
13, 71
List the prime factors of 3447.
3, 383
List the prime factors of 439.
439
List the prime factors of 35452.
2, 8863
What are the prime factors of 774?
2, 3, 43
What are the prime factors of 3822?
2, 3, 7, 13
What are the prime factors of 290?
2, 5, 29
List the prime factors of 18176.
2, 71
What are the prime factors of 59959?
17, 3527
What are the prime factors of 14689?
37, 397
List the prime factors of 3070.
2, 5, 307
List the prime factors of 8858.
2, 43, 103
List the prime factors of 1239.
3, 7, 59
What are the prime factors of 12348?
2, 3, 7
What are the prime factors of 4841?
47, 103
List the prime factors of 25522.
2, 7, 1823
List the prime factors of 119925.
3, 5, 13, 41
List the prime factors of 2456.
2, 307
List the prime factors of 472.
2, 59
What are the prime factors of 2714?
2, 23, 59
What are the prime factors of 5245?
5, 1049
List the prime factors of 37279.
11, 3389
List the prime factors of 9830.
2, 5, 983
What are the prime factors of 7975?
5, 11, 29
List the prime factors of 94725.
3, 5, 421
List the prime factors of 63884.
2, 15971
List the prime factors of 48739.
17, 47, 61
What are the prime factors of 7641?
3, 283
What are the prime factors of 1896?
2, 3, 79
List the prime factors of 4216.
2, 17, 31
List the prime factors of 1298.
2, 11, 59
What are the prime factors of 11421?
3, 47
List the prime factors of 340.
2, 5, 17
List the prime factors of 11202.
2, 3, 1867
List the prime factors of 4305.
3, 5, 7, 41
What are the prime factors of 291?
3, 97
What are the prime factors of 54588?
2, 3, 4549
What are the prime factors of 7657?
13, 19, 31
What are the prime factors of 254?
2, 127
List the prime factors of 68902.
2, 47, 733
List the prime factors of 33271.
7, 97
What are the prime factors of 12928?
2, 101
What are the prime factors of 7930?
2, 5, 13, 61
List the prime factors of 1171.
1171
List the prime factors of 167081.
167081
What are the prime factors of 2147?
19, 113
What are the prime factors of 67526?
2, 19, 1777
List the prime factors of 4761.
3, 23
What are the prime factors of 1623?
3, 541
List the prime factors of 40178.
2, 20089
List the prime factors of 1212.
2, 3, 101
List the prime factors of 45059.
7, 41, 157
What are the prime factors of 346?
2, 173
List the prime factors of 648.
2, 3
List the prime factors of 10196.
2, 2549
What are the prime factors of 29537?
29537
List the prime factors of 1692.
2, 3, 47
List the prime factors of 65228.
2, 23, 709
List the prime factors of 75356.
2, 18839
What are the prime factors of 34090?
2, 5, 7, 487
List the prime factors of 21923.
11, 1993
What are the prime factors of 30119?
30119
List the prime factors of 1392.
2, 3, 29
List the prime factors of 56850.
2, 3, 5, 379
What are the prime factors of 13478?
2, 23, 293
What are the prime factors of 2891?
7, 59
List the prime factors of 860.
2, 5, 43
What are the prime factors of 2998?
2, 1499
What are the prime factors of 466?
2, 233
List the prime factors of 2278.
2, 17, 67
What are the prime factors of 12505?
5, 41, 61
What are the prime factors of 38443?
37, 1039
List the prime factors of 16.
2
List the prime factors of 13804.
2, 7, 17, 29
List the prime factors of 28216.
2, 3527
List the prime factors of 30.
2, 3, 5
List the prime factors of 2924.
2, 17, 43
List the prime factors of 2421.
3, 269
What are the prime factors of 63557?
13, 4889
What are the prime factors of 10722?
2, 3, 1787
What are the prime factors of 216?
2, 3
What are the prime factors of 67991?
7, 11, 883
List the prime factors of 30554.
2, 15277
What are the prime factors of 101366?
2, 50683
What are the prime factors of 1618?
2, 809
List the prime factors of 4032.
2, 3, 7
What are the prime factors of 9393?
3, 31, 101
What are the prime factors of 716?
2, 179
What are the prime factors of 33390?
2, 3, 5, 7, 53
List the prime factors of 604.
2, 151
What are the prime factors of 27430?
2, 5, 13, 211
List the prime factors of 8594.
2, 4297
List the prime factors of 10717.
7, 1531
List the prime factors of 996.
2, 3, 83
What are the prime factors of 20807?
20807
What are the prime factors of 350?
2, 5, 7
List the prime factors of 10525.
5, 421
What are the prime factors of 52645?
5, 10529
List the prime factors of 529.
23
What are the prime factors of 1278?
2, 3, 71
List the prime factors of 1052.
2, 263
What are the prime factors of 19614?
2, 3, 7, 467
What are the prime factors of 238?
2, 7, 17
List the prime factors of 35877.
3, 11959
List the prime factors of 4003.
4003
List the prime factors of 16531.
61, 271
List the prime factors of 62343.
3, 2309
List the prime factors of 4970.
2, 5, 7, 71
What are the prime factors of 43291?
43291
List the prime factors of 21382.
2, 10691
List the prime factors of 1326.
2, 3, 13, 17
List the prime factors of 9101.
19, 479
List the prime factors of 3534.
2, 3, 19, 31
List the prime factors of 57243.
3, 19081
What are the prime factors of 7678?
2, 11, 349
List the prime factors of 3651.
3, 1217
What are the prime factors of 11613?
3, 7, 79
What are the prime factors of 9433?
9433
List the prime factors of 5474.
2, 7, 17, 23
List the prime factors of 22534.
2, 19, 593
List the prime factors of 2276.
2, 569
What are the prime factors of 3413?
3413
List the prime factors of 6394.
2, 23, 139
What are the prime factors of 63059?
63059
What are the prime factors of 4022?
2, 2011
List the prime factors of 100890.
2, 3, 5, 19, 59
List the prime factors of 2660.
2, 5, 7, 19
List the prime factors of 313.
313
List the prime factors of 1023.
3, 11, 31
List the prim